{"id":39,"date":"2024-10-24T02:13:15","date_gmt":"2024-10-24T02:13:15","guid":{"rendered":"https:\/\/www.mtqs.cz\/?page_id=39"},"modified":"2025-02-10T17:40:40","modified_gmt":"2025-02-10T17:40:40","slug":"kontakt","status":"publish","type":"page","link":"https:\/\/www.mtqs.cz\/?page_id=39","title":{"rendered":"Kontakt"},"content":{"rendered":"\n<h2 class=\"wp-block-heading\">MT QUALITY SERVICE s.r.o.<\/h2>\n\n\n\n<div class=\"wp-block-columns is-layout-flex wp-container-core-columns-is-layout-28f84493 wp-block-columns-is-layout-flex\">\n<div class=\"wp-block-column is-layout-flow wp-block-column-is-layout-flow\">\n<p style=\"font-size:20px;line-height:1.6\"><br><strong>PROVOZOVNA<\/strong> (nejedn\u00e1 se o showroom)<\/p>\n<p style=\"font-size:20px;line-height:2.6\"><a href=\"https:\/\/en.mapy.cz\/zakladni?source=firm&amp;id=12977618&amp;x=14.4783664&amp;y=49.9567627&amp;z=17\" data-type=\"link\" data-id=\"https:\/\/en.mapy.cz\/zakladni?source=firm&amp;id=12977618&amp;x=14.4783664&amp;y=49.9567627&amp;z=17\" target=\"_blank\" rel=\"noreferrer noopener\">Zlatn\u00edky 154, 252 41 Doln\u00ed B\u0159e\u017eany<\/a><br><strong>E-mail:<\/strong> <a href=\"mailto:mtqs@seznam.cz\">mtqs@seznam.cz<\/a><br><strong>Tel.:<\/strong> <a href=\"tel:+420244403444\" data-type=\"tel\" data-id=\"tel:+420244403444\">+420 244 403 444<\/a><br><strong>Fax:<\/strong> +420 244 403 443<br><strong>Mobil:<\/strong> <a href=\"tel:+420608706294\" data-type=\"tel\" data-id=\"tel:+420608706294\">+420 608 706 294<\/a><br><strong>CN, realizace:<\/strong> <a href=\"tel:+420724602965\" data-type=\"tel\" data-id=\"tel:+420724602965\">+420 724 602 965<\/a><\/p>\n<\/div>\n\n\n\n<div class=\"wp-block-column is-layout-flow wp-block-column-is-layout-flow\">\n<iframe loading=\"lazy\" style=\"border:none\" src=\"https:\/\/en.frame.mapy.cz\/s\/bavocofare\" width=\"700\" height=\"450\" frameborder=\"0\"><\/iframe>\n<\/div>\n<\/div>\n","protected":false},"excerpt":{"rendered":"<p>MT QUALITY SERVICE s.r.o. PROVOZOVNA (nejedn\u00e1 se o showroom) Zlatn\u00edky 154, 252 41 Doln\u00ed B\u0159e\u017eanyE-mail: mtqs@seznam.czTel.: +420 244 403 444Fax: +420 244 403 443Mobil: +420 608 706 294CN, realizace: +420 724 602 965<\/p>\n","protected":false},"author":1,"featured_media":0,"parent":0,"menu_order":0,"comment_status":"closed","ping_status":"closed","template":"page-templates\/page-sidebar-none.php","meta":{"footnotes":""},"class_list":["post-39","page","type-page","status-publish","hentry"],"_links":{"self":[{"href":"https:\/\/www.mtqs.cz\/index.php?rest_route=\/wp\/v2\/pages\/39","targetHints":{"allow":["GET"]}}],"collection":[{"href":"https:\/\/www.mtqs.cz\/index.php?rest_route=\/wp\/v2\/pages"}],"about":[{"href":"https:\/\/www.mtqs.cz\/index.php?rest_route=\/wp\/v2\/types\/page"}],"author":[{"embeddable":true,"href":"https:\/\/www.mtqs.cz\/index.php?rest_route=\/wp\/v2\/users\/1"}],"replies":[{"embeddable":true,"href":"https:\/\/www.mtqs.cz\/index.php?rest_route=%2Fwp%2Fv2%2Fcomments&post=39"}],"version-history":[{"count":12,"href":"https:\/\/www.mtqs.cz\/index.php?rest_route=\/wp\/v2\/pages\/39\/revisions"}],"predecessor-version":[{"id":262,"href":"https:\/\/www.mtqs.cz\/index.php?rest_route=\/wp\/v2\/pages\/39\/revisions\/262"}],"wp:attachment":[{"href":"https:\/\/www.mtqs.cz\/index.php?rest_route=%2Fwp%2Fv2%2Fmedia&parent=39"}],"curies":[{"name":"wp","href":"https:\/\/api.w.org\/{rel}","templated":true}]}}